*3 + 446*v**2 - 89*v - 1. What is d(89)?
-1
Let x(b) = -2*b**3 - 27*b**2 - 44*b - 335. What is x(-13)?
68
Let y(h) = -h**3 - 73*h**2 + 236*h + 467. Determine y(-76).
-141
Let d(t) = -102*t + 21434. Determine d(210).
14
Let y(c) = 16*c + 13. Give y(16).
269
Let s(a) = a**2 - 18*a + 38. What is s(16)?
6
Let x(t) = -2*t**2 + 166*t - 386. Give x(80).
94
Let h(m) = 2*m**2 + 7254*m - 109259. Calculate h(15).
1
Let b(c) = -16*c + 1069. Determine b(48).
301
Let m(n) = -2*n**2 + 116*n - 114. Calculate m(57).
0
Let j(v) = v**3 - 72*v**2 + 135*v + 180. Determine j(70).
-170
Let p(g) = -5938*g - 35618. Calculate p(-6).
10
Let k(p) = -76*p + 2224. Calculate k(29).
20
Let f(q) = -q**3 + 27*q**2 - 93*q + 501. Determine f(24).
-3
Let f(x) = -19489*x - 116939. Give f(-6).
-5
Let g(d) = -2*d**3 + d**2 - 21*d + 319. Calculate g(5).
-11
Let q(k) = 6*k**3 + 2*k**2 + 5*k + 7. Determine q(-4).
-365
Let g(y) = -y**2 - 11*y - 29. Determine g(0).
-29
Let s(n) = 20*n - 977. Give s(49).
3
Let m(v) = -54*v + 1846. Give m(34).
10
Let j(s) = 2*s**2 + 146*s - 2240. Determine j(13).
-4
Let z(p) = 20*p**3 - 282*p**2 + 22*p + 76. Give z(14).
-8
Let r(z) = 79*z + 185. Calculate r(-2).
27
Let v(g) = -2*g**2 - 100*g - 177. Give v(-48).
15
Let t(c) = 32*c - 1767. Calculate t(55).
-7
Let z(y) = -y**2 + 6*y + 1149. Calculate z(-31).
2
Let y(u) = -u**3 - 33*u**2 - 2*u - 62. Determine y(-33).
4
Let h(s) = -2151*s - 10764. Give h(-5).
-9
Let v(k) = -11*k**2 + 348*k + 120. Give v(32).
-8
Let m(w) = -14*w + 524. What is m(35)?
34
Let q(z) = z**3 - 8*z**2 - 213*z - 661. Calculate q(-4).
-1
Let b(y) = y**3 - 6*y**2 + 17*y - 61. Give b(5).
-1
Let z(g) = 27*g**2 + 76*g - 8. Give z(-3).
7
Let j(f) = -f**3 + 32*f**2 + 76*f - 1352. What is j(33)?
67
Let a(d) = -d**3 + 109*d**2 - 1914*d + 4. Calculate a(87).
4
Let j(y) = -y**3 + 34*y**2 + 75*y + 156. Determine j(36).
264
Let t(p) = p**2 - 47*p - 326. What is t(-6)?
-8
Let y(o) = -3*o**2 - 850*o + 9402. Determine y(-294).
-6
Let n(h) = 33*h**3 - 3*h**2 + 212*h + 422. What is n(-2)?
-278
Let n(s) = 1343*s - 2731. What is n(2)?
-45
Let o(p) = 7*p**3 + 311*p**2 + 130*p - 91. Calculate o(-44).
-3
Let q(x) = -77*x - 383. What is q(-5)?
2
Let n(y) = y**2 + 3*y - 34. What is n(-7)?
-6
Let s(j) = -j**3 + 32*j**2 + 84*j - 3575. Calculate s(31).
-10
Let v(u) = u**2 - 50*u - 1584. Calculate v(72).
0
Let j(k) = k**3 + 52*k**2 - 169*k - 229. Give j(-55).
-9
Let b(a) = 2246*a - 4501. Determine b(2).
-9
Let i(z) = -z**2 - 256*z - 1013. Give i(-4).
-5
Let r(y) = -y**3 - 33*y**2 - 86*y - 722. Calculate r(-31).
22
Let q(a) = 124*a - 1372. Calculate q(11).
-8
Let t(a) = -a**3 - 84*a**2 + 88*a + 257. Calculate t(-85).
2
Let s(o) = 134*o + 82. What is s(-2)?
-186
Let j(d) = -d**2 - 106*d - 667. Give j(-7).
26
Let d(u) = -7*u - 167. Give d(-22).
-13
Let u(v) = 2*v**3 - 5*v**2 - 39*v - 97. Determine u(-3).
-79
Let i(g) = -g**3 - 56*g**2 - 690*g - 28137. Give i(-53).
6
Let w(p) = 356*p + 20641. What is w(-58)?
-7
Let v(l) = -6*l + 7. Give v(16).
-89
Let q(u) = -u**3 - 12*u**2 + 1122*u + 85. Give q(-40).
5
Let k(f) = 1204*f - 10790. Give k(9).
46
Let m(k) = k**3 - 10*k - 14. What is m(-2)?
-2
Let d(s) = s**3 + 39*s**2 + 36*s - 89. Calculate d(-38).
-13
Let v(r) = 22*r + 281. Calculate v(-9).
83
Let z(r) = r**3 + 4*r**2 - 5. Calculate z(-2).
3
Let f(a) = -a**2 + 1720*a - 32322. Determine f(19).
-3
Let i(a) = -8*a + 37. What is i(11)?
-51
Let i(x) = -15*x + 636. Determine i(43).
-9
Let a(u) = 12*u**2 + 216*u - 1051. What is a(-22)?
5
Let b(l) = l**3 + 5*l**2 - 25*l + 38. Calculate b(-9).
-61
Let f(j) = 129*j**2 + 8*j - 14. Determine f(2).
518
Let m(n) = 25*n - 694. Give m(29).
31
Let p(z) = 63*z - 122. What is p(2)?
4
Let w(n) = -25559*n - 127796. What is w(-5)?
-1
Let i(q) = -q**2 + 1079*q + 3246. Calculate i(-3).
0
Let t(v) = 3*v**3 + 4*v**2 - 9*v + 1. Determine t(-5).
-229
Let a(i) = -91*i + 288. Determine a(3).
15
Let l(r) = 5*r**2 - 37*r - 177. Determine l(-6).
225
Let y(l) = l - 53. Calculate y(25).
-28
Let y(t) = -5*t**2 + 86*t - 55. Calculate y(15).
110
Let z(u) = 2*u**3 - 9*u**2 - 7*u + 1. Determine z(8).
393
Let v(u) = 2*u**3 - 210*u**2 + 11*u - 985. Determine v(105).
170
Let c(i) = -4014*i - 4037. Give c(-1).
-23
Let q(c) = 6*c - 461. What is q(46)?
-185
Let w(r) = r**3 + 26*r**2 - 87*r + 9. What is w(7)?
1017
Let i(x) = x**2 + 68*x + 130. Give i(-2).
-2
Let g(y) = y**3 + 12*y**2 + 93*y + 982. Determine g(-11).
80
Let k(m) = -m**2 + 392*m - 3451. Calculate k(9).
-4
Let v(a) = 21*a**2 - 90*a + 18. What is v(6)?
234
Let q(b) = b**3 - 18*b**2 + 142*b - 3630. Calculate q(20).
10
Let l(f) = 182*f - 8. Determine l(1).
174
Let v(o) = -o**3 - 12*o**2 - 22*o - 35. Give v(-10).
-15
Let k(h) = -6*h + 40. Give k(-41).
286
Let j(v) = -v**3 + 16*v**2 - 15*v + 111. Give j(15).
111
Let i(f) = 8*f + 14. Give i(14).
126
Let d(a) = 217*a**2 - 28*a - 28. Calculate d(-1).
217
Let p(r) = -5*r**2 - 14*r + 12. Determine p(3).
-75
Let q(g) = 183*g - 189. Calculate q(1).
-6
Let d(y) = -52*y - 5488. Calculate d(-106).
24
Let m(j) = -24*j + 1214. Calculate m(51).
-10
Let q(s) = -s**2 - 465*s - 49622. What is q(-299)?
12
Let h(s) = -142*s - 691. Give h(-5).
19
Let k(m) = -m**2 + 16*m + 28. Determine k(15).
43
Let d(o) = -818*o + 5721. Give d(7).
-5
Let f(y) = -y**2 + 14*y - 17. Calculate f(14).
-17
Let r(a) = -2*a**3 + 47*a**2 + 25*a + 23. What is r(24)?
47
Let w(u) = -u**3 + 7*u**2 - 446*u + 3120. Determine w(7).
-2
Let m(z) = z**2 + z - 33. Give m(-5).
-13
Let r(v) = -84*v**2 - 71*v. Give r(-1).
-13
Let u(c) = -c**2 - 89*c + 2991. Calculate u(26).
1
Let n(b) = 65*b - 320. Give n(5).
5
Let d(t) = -3*t**3 + 78*t**2 - 42*t + 1102. Give d(26).
10
Let g(c) = -3*c**3 - 14*c**2 + 40*c + 1. Calculate g(-8).
321
Let g(m) = 22*m - 26. Calculate g(8).
150
Let r(o) = -2*o**3 + 2*o**2 + 20*o - 35. Calculate r(-4).
45
Let d(z) = -53*z - 8264. What is d(-156)?
4
Let w(m) = -14*m**3 - 28*m**2 - 54*m + 2. Calculate w(-2).
110
Let v(c) = 2*c**3 - 16*c**2 + 28*c - 5. What is v(4)?
-21
Let f(h) = 480*h - 17. What is f(-1)?
-497
Let d(h) = -20*h**3 - 5*h**2 + 13*h + 38. Calculate d(-2).
152
Let f(o) = -5*o**2 + 139*o - 41. Determine f(28).
-69
Let l(c) = -c**2 - 42*c + 511. What is l(15)?
-344
Let i(j) = 29*j**3 - 2*j**2 - 29*j + 60. Give i(2).
226
Let r(g) = -5*g**3 + 499*g**2 + 103*g - 328. What is r(100)?
-28
Let w(l) = -2*l**3 - 98*l**2 - 105*l - 168. Calculate w(-48).
264
Let w(v) = 484*v + 1184. Give w(-3).
-268
Let b(u) = -u**2 + 43*u + 367. Determine b(50).
17
Let y(d) = -270*d - 20260. Determine y(-75).
-10
Let r(z) = 14*z**2 + 19*z - 52. Determine r(-3).
17
Let i(m) = -2*m**3 - 71*m**2 + 2612*m + 100. Calculate i(-58).
-16
Let i(u) = -9*u**2 + 12*u - 7. Determine i(3).
-52
Let h(o) = -4053*o - 16217. What is h(-4)?
-5
Let v(z) = -11*z - 304. Give v(-24).
-40
Let m(w) = -6*w - 14. Calculate m(-11).
52
Let b(t) = 54*t - 3. Give b(3).
159
Let j(t) = -t**3 - 16*t**2 + 52*t - 93. What is j(-19)?
2
Let s(t) = -t**3 + 3*t**2 + 98*t - 131. What is s(11)?
-21
Let w(h) = 592*h + 6527. Determine w(-11).
15
Let j(f) = f**2 - 10*f - 68. Calculate j(-8).
76
Let f(g) = 3*g**2 + 23*g - 27. What is f(-11)?
83
Let y(t) = -6*t - 139. Calculate y(0).
-139
Let b(w) = -18*w**2 + 79*w - 15. Determine b(4).
13
Let h(d) = -25*d - 289. Give h(-6).
-139
Let i(u) = -u**2 - 227*u - 6081. Determine i(-31).
-5
Let j(b) = b**3 + 92*b**2 - 83*b + 942. What is j(-93)?
12
Let c(a) = -12*a**2 - 81*a. Give c(-7).
-21
Let u(a) = a**2 + 7*a + 192. What is u(-13)?
270
Let g(r) = -8*r**2 + 2204*r - 2191. Give g(1).
5
Let b(j) = 7*j - 19. Calculate b(-2).
-33
Let q(t) = t**3 + 270*t + 551. Calculate q(-2).
3
Let d(p) = 321*p + 969. What is d(-3)?
6
Let r(i) = -i**2 + 51*i + 528. Give r(-9).
-12
Let x(c) = 6*c**2 + 20*c - 7. What is x(-2)?
-23
Let r(k) = -15*k - 264. Calculate r(-16).
-24
Let q(u) = -u**2 - 36*u - 308. What is q(-26)?
-48
Let h(w) = 2*w**2 - 58*w + 161. Give h(26).
5
Let n(z) = 3*z - 51. Give n(-17).
-102
Let h(l) = 99*l + 1257. Calculate h(-13).
-30
Let d(z) = 6*z**3 + 5*z**2 - 4*z - 1. Give d(-4).
-289
Let t(s) = s**3 - 21*s**2 + 49*s - 198. What is t(19)?
11
Let q(a) = -a**2 + 16*a + 43. What is q(-6)?
-89
Let q(m) = 3*m**3 + 72*m**2 + 195*m + 153. What is q(-21)?
27
Let u(f) = 457*f**2 - 2263*f - 116. Calculate u(5).